4).
8
Let u(h) = 3*h**2 + h. Determine u(1).
4
Let w(k) = -k**3 - 2*k**2 + 8*k + 8. Determine w(-5).
43
Let x(d) = d**3 + 8*d**2 + 14*d + 12. Determine x(-6).
0
Let o(m) = -m**2 + m - 2. Determine o(-4).
-22
Let c(r) = 2*r + 18. Give c(-10).
-2
Let p(s) = 7*s + 5. Determine p(-7).
-44
Let s(f) = -16*f - 14. Calculate s(-8).
114
Let c(l) = 4*l - 2. What is c(-1)?
-6
Let t(u) = u**3 + 3*u**2 - 2*u + 5. What is t(-4)?
-3
Let z(k) = k**3 - 12*k**2 + 3*k - 27. What is z(12)?
9
Let r(q) = q**2 - 31*q + 53. What is r(29)?
-5
Let z(s) = -16*s + 882. Determine z(55).
2
Let r(k) = -31*k + 13. Give r(4).
-111
Let p(d) = d**3 + 21*d**2 + 20*d + 2. Calculate p(-20).
2
Let g(w) = -w**3 - 2*w**2 + 3*w + 3. What is g(-2)?
-3
Let y(i) = 2*i + 5. Give y(4).
13
Let o(u) = 12*u + 1. Calculate o(1).
13
Let f(x) = x**2 - 14*x - 15. Determine f(17).
36
Let a(g) = -8*g + 1. What is a(-2)?
17
Let q(i) = -12*i - 7. What is q(3)?
-43
Let n(t) = 3*t**2 - 22*t + 13. Give n(6).
-11
Let f(w) = 3*w - 22. What is f(17)?
29
Let n(t) = -3*t - 21. Calculate n(-5).
-6
Let m(c) = c**2 - 3*c - 4. Calculate m(5).
6
Let y(n) = -5*n - 3. What is y(-1)?
2
Let n(q) = -q**3 + 8*q**2 - 9*q + 10. Give n(7).
-4
Let f(m) = -6*m**3 - m**2 - 2*m + 4. Calculate f(2).
-52
Let n(d) = d - 26. Determine n(4).
-22
Let z(c) = -3*c**2 - 2*c. Give z(-3).
-21
Let u(g) = -g**3 - 3*g**2 + 6*g + 17. Give u(-2).
1
Let i(j) = j**2 - 9*j - 13. Calculate i(10).
-3
Let t(a) = 3*a**2 + 2. What is t(1)?
5
Let k(m) = -11*m - 357. Determine k(-33).
6
Let b(z) = z**3 - 27*z**2 - 58*z + 9. Calculate b(29).
9
Let k(s) = -3*s - 12. Determine k(-6).
6
Let m(x) = -4*x**3 + 2*x**2 + x. What is m(2)?
-22
Let g(j) = -5*j + 12. What is g(0)?
12
Let n(z) = -6*z + 7. Determine n(7).
-35
Let q(p) = 6*p - 25. Calculate q(3).
-7
Let l(m) = m**2 + 6*m + 3. What is l(-4)?
-5
Let l(y) = 3*y - 1. Give l(7).
20
Let f(u) = -u + 3. What is f(0)?
3
Let i(y) = -19*y**3 - y**2. Give i(-1).
18
Let y(m) = -m**3 + 19*m**2 + 22*m - 45. What is y(20)?
-5
Let v(m) = 4*m - 1. Give v(2).
7
Let v(i) = -2*i - 56. Calculate v(-18).
-20
Let l(v) = -2*v**2 + 13*v - 5. Determine l(5).
10
Let t(z) = 3*z**2 + 2. What is t(2)?
14
Let d(w) = w - 13. Give d(10).
-3
Let g(o) = o**3 - 2*o**2 - 66*o - 3. What is g(0)?
-3
Let x(z) = -z**3 + 5*z**2 + 13*z - 1. Determine x(7).
-8
Let q(s) = 11*s**2 - 9*s + 16. Give q(2).
42
Let y(t) = -5*t**2 + 2*t. What is y(-1)?
-7
Let i(y) = y**3 + 32*y**2 - 70*y - 61. What is i(-34)?
7
Let j(h) = 2*h**2 - 6*h - 32. Determine j(6).
4
Let r(p) = p**3 + 7*p**2 + p - 5. Give r(-7).
-12
Let c(x) = -3*x**2 + 4. Determine c(3).
-23
Let g(m) = 2*m - 6. Determine g(8).
10
Let x(f) = 46*f + 46. Calculate x(-1).
0
Let h(f) = -f**3 - 13*f**2 - 9*f - 109. Give h(-13).
8
Let z(f) = -10*f**2 + 2*f + 1. Calculate z(-1).
-11
Let t(f) = f**2 + 6*f - 6. Give t(-7).
1
Let p(l) = -3*l - 8. Calculate p(-7).
13
Let v(c) = -6*c**3 + 2*c**2 + c. Give v(-1).
7
Let b(g) = g**3 - 5*g**2 - 8*g + 4. Determine b(6).
-8
Let f(i) = 7*i - 2. What is f(1)?
5
Let w(u) = -u**3 + 2*u + 1. Calculate w(-2).
5
Let f(w) = w**2 - w + 1. Determine f(-3).
13
Let u(g) = 5*g - 2. Determine u(-2).
-12
Let g(a) = 2*a**2 + 11*a + 4. What is g(-6)?
10
Let p(k) = k**2 + 172*k - 1073. What is p(6)?
-5
Let d(x) = -x**2 - 5*x + 20. Determine d(-6).
14
Let m(k) = -k**3 + 24*k**2 + 23*k + 56. Give m(25).
6
Let r(x) = x**3 - 24*x**2 + 66*x - 26. Determine r(21).
37
Let r(h) = -h**2 + 19*h - 34. Give r(17).
0
Let o(s) = -s**3 - 12*s**2 + 10*s - 9. Calculate o(-13).
30
Let p(j) = 33*j + 195. Calculate p(-6).
-3
Let a(n) = n**3 + 18*n**2 + 19*n + 7. Determine a(-17).
-27
Let i(j) = 2*j - 5. Determine i(10).
15
Let q(i) = i**3 + 9*i**2 - 8*i + 2. Calculate q(-10).
-18
Let z(h) = 10*h + 255. Give z(-24).
15
Let v(w) = 5*w + 18. What is v(20)?
118
Let l(i) = -4*i - 9. Give l(-6).
15
Let b(y) = y**2 - 13*y + 20. Calculate b(6).
-22
Let b(r) = -3*r + 9. What is b(-8)?
33
Let l(n) = -3*n**2 - 2*n + 3. Determine l(-2).
-5
Let x(k) = -9*k + 2. Calculate x(3).
-25
Let q(b) = b + 1. What is q(-10)?
-9
Let v(g) = g**3 + 21*g**2 - g - 18. What is v(-21)?
3
Let n(s) = s**3 - 9*s**2 - 18*s - 24. Determine n(11).
20
Let c(x) = -x**2 + 16*x - 14. Determine c(10).
46
Let c(m) = 4*m + 8. Give c(-3).
-4
Let f(o) = -o**2 + 47*o + 239. Calculate f(-5).
-21
Let c(m) = -m**3 + 12*m**2 - 10*m + 1. What is c(11)?
12
Let x(d) = -4*d + 33. Calculate x(3).
21
Let y(t) = t**3 - 9*t**2 - 59*t + 77. Calculate y(13).
-14
Let p(r) = r**3 - 5*r**2 + 2*r - 9. Determine p(6).
39
Let v(y) = -y**3 + 12*y**2 - y + 5. Calculate v(12).
-7
Let o(x) = 2*x**2 + 2*x. Give o(1).
4
Let s(o) = 28*o - 15. Determine s(-4).
-127
Let i(v) = -v**3 + 8*v**2 - 6*v + 8. Give i(7).
15
Let n(i) = -i**3 + 6*i**2 - i + 6. Give n(6).
0
Let t(s) = -s**3 + 3*s**2 - 4*s + 3. Determine t(2).
-1
Let f(l) = l**3 - 6*l**2 - 5*l - 17. Determine f(7).
-3
Let k(q) = -q**3 - 10*q**2 + 5. Calculate k(-10).
5
Let q(t) = -t**2 - 4*t + 8. What is q(-6)?
-4
Let a(q) = 30*q**3 + q**2 - q. What is a(1)?
30
Let n(j) = 69*j + 5. Give n(-1).
-64
Let y(m) = -m**3 + 17*m**2 - 4*m + 20. Calculate y(17).
-48
Let j(t) = 18*t - 119. Calculate j(8).
25
Let o(m) = -m**2 - 91*m - 179. Determine o(-2).
-1
Let i(x) = -2*x + 3. Give i(7).
-11
Let r(j) = -6*j**3 - 2. Determine r(-2).
46
Let l(d) = -d**3 - 5*d**2 - 3*d - 1. What is l(-5)?
14
Let b(h) = h**2 - 39*h + 154. Determine b(32).
-70
Let p(x) = -x**2 + 2*x + 3. What is p(2)?
3
Let f(h) = -h**3 - 3*h**2 + 3*h. Determine f(-4).
4
Let s(h) = h**3 - 16*h**2 + 52*h - 10. Give s(12).
38
Let n(m) = -4*m**2 + 28*m - 3. Give n(7).
-3
Let o(k) = 3*k**3 + 47*k**2 - 15*k + 25. What is o(-16)?
9
Let y(u) = u**3 - 6*u**2 + 10*u - 1. Give y(4).
7
Let i(x) = x**3 - 44*x**2 + 46*x - 114. Determine i(43).
15
Let i(n) = -41*n**2 + 3*n + 2. Calculate i(-1).
-42
Let u(w) = -2*w**3 - 29*w**2 + 18*w + 20. What is u(-15)?
-25
Let w(i) = -2*i**2 + i + 5. Calculate w(3).
-10
Let t(f) = -f**3 - 8*f**2 + 9*f - 7. Calculate t(-9).
-7
Let n(f) = f**2 - f - 2. Give n(3).
4
Let o(j) = j - 39. Determine o(-15).
-54
Let l(p) = -p**3 + 5*p**2 + 12*p - 3. Determine l(6).
33
Let d(k) = -9*k**3 - 3*k**2 + 3. Calculate d(-1).
9
Let h(o) = 32*o - 4. What is h(-1)?
-36
Let h(q) = -q**2 + 3*q + 11. Give h(10).
-59
Let a(n) = n**3 + 11*n**2 - 6*n - 71. Give a(-11).
-5
Let z(g) = -g - 22. What is z(-18)?
-4
Let r(y) = -y**2 - 19*y - 14. Give r(-18).
4
Let r(w) = 2*w**2 + 2*w + 3. What is r(-3)?
15
Let w(b) = -3*b**2 + 31*b - 71. Give w(6).
7
Let z(x) = x + 5. Calculate z(-12).
-7
Let l(o) = o**3 + 27*o**2 + 3*o + 73. Calculate l(-27).
-8
Let w(y) = 23*y**2 + 112*y - 14. Give w(-5).
1
Let l(z) = 4*z**2 + 30*z + 20. Calculate l(-7).
6
Let h(x) = -x**2 + 23*x - 140. What is h(11)?
-8
Let k(p) = -8*p + 4. What is k(-5)?
44
Let t(r) = -r**2 - 7*r + 13. Determine t(-10).
-17
Let a(h) = -2*h**2 - 7*h + 4. Calculate a(-3).
7
Let s(n) = n**2 - 6*n + 6. What is s(4)?
-2
Let j(f) = f**2 + 2*f + 50. Give j(0).
50
Let y(v) = 3*v - 1. What is y(6)?
17
Let v(j) = j**3 + 7*j**2 + 5*j - 6. What is v(-6)?
0
Let f(d) = 4*d - 27. Give f(4).
-11
Let f(a) = a**2 - 4*a + 8. Determine f(3).
5
Let i(p) = p - 3. Determine i(9).
6
Let l(w) = -3*w - 20. What is l(-7)?
1
Let r(z) = 4*z**2 - 7*z - 11. Calculate r(-6).
175
Let h(l) = -20*l - 2. Calculate h(-7).
138
Let q(i) = -17*i**3 + 4*i**2 - 6*i + 3. What is q(1)?
-16
Let a(w) = w**3 + 5*w**2 - w - 5. Determine a(-5).
0
Let f(o) = 2*o**3 + 6*o**2 + 11*o - 3. What is f(-3)?
-36
Let s(k) = k - 1. Calculate s(-4).
-5
Let j(t) = -t**3 + 32*t**2 - 6. What is j(32)?
-6
Let w(l) = 2*l**3 - 2*l**2 - 9*l + 7. Give w(3).
16
Let q(v) = v**3 - 6*v**2 + 3*v - 19. Determine q(6).
-1
Let w(k) = 5*k**3 + 2*k**2 + k - 3. What is w(2)?
47
Let v(a) = a**2 + 12*a + 19. Give v(-13).
32
Let y(f) = -37*f + 1. Determine y(-1).
38
Let g(b) = -129*b - 770. Give g(-6).
4
Let p(y) = -9*y - 4. Determine p(-3).
23
Let d(f) = f - 12. Give d(9).
-3
Let b(r) = r**3 - 4*r**2 - 8*r + 1. Calculate b(6).
25
Let p(t) = -11*t - 197. Calculate p(-18).
1
Let n(j) = -2*j - 3. Calculate n(-3).
3
Let g(j) = 30*j + 79. Calculate g(-2).
19
Let r(d) = -155*d - 10. Determine r(0).
-10
Let j(x) = -x**2 - 21*x + 362. Give j(11).
10
Let u(d) = -3*d**2 + 3*d + 1. What is u(-1)?
-5
Let d(k